{"id":291,"date":"2014-10-26T19:42:53","date_gmt":"2014-10-26T19:42:53","guid":{"rendered":"http:\/\/esociety-conf.org\/?page_id=291"},"modified":"2023-08-31T23:38:46","modified_gmt":"2023-08-31T23:38:46","slug":"travel","status":"publish","type":"page","link":"https:\/\/www.esociety-conf.org\/oldconferences\/2024\/travel\/","title":{"rendered":"Travel"},"content":{"rendered":"<div id=\"block_61610\" class=\"content-block\">\n<div class=\"text ql-snow\">\n<div class=\"ql-editor\">\n<div id=\"block_61610\" class=\"content-block\">\n<div class=\"text ql-snow\">\n<div class=\"ql-editor\">\n<p style=\"text-align: center;\"><strong>How to get to the conference site:<\/strong><\/p>\n<p><strong>From the airport to the hotel<\/strong><br \/>\n\u2013 By metro:<br \/>\nIn the Metro do Aeroporto metro station, take the line E in towards the Est\u00e1dio do Drag\u00e3o metro station. Exit in Casa da M\u00fasica (HF Ipanema Porto is 1 Km away).<br \/>\n\u2013 By bus:<br \/>\nNear the airport, take the bus n.\u00ba 601 (in direction to Cordoaria), and get off at Casa da M\u00fasica (HF Ipanema Porto is 1 Km away).<br \/>\n\u2013 Shuttle service:<br \/>\nTo buy this service, just click\u00a0<a href=\"https:\/\/100rumos.com\/en\/shuttle_porto_options\">here<\/a>.<\/p>\n<p><strong>From downtown to the hotel<\/strong><br \/>\n\u2013 By metro:<br \/>\nLeaving from the Avenida dos Aliados, continue by going up towards the Trindade metro station (behind the City Hall\/C\u00e2mara Municipal do Porto) and take the line A, B, C, or E, towards Casa da M\u00fasica.<br \/>\n-By bus:<br \/>\nLeaving from the Avenida dos Aliados, take the bus n.\u00ba 200 (towards Castelo do Queijo) or the bus n.\u00ba 207 (towards Foz-Mercado) at the Pra\u00e7a D. Jo\u00e3o I (next to the Teatro Rivoli). Get off the bus at the Massarelos bus stop (the HF Ipanema Porto is located within 0,5 Km).<br \/>\n\u2013 By car:<br \/>\nLeaving from the Avenida dos Aliados, go up the street until the traffic lights, and turn left to Rua de Ceuta, then entering the T\u00fanel de Ceuta. Once in the tunnel, continue towards Hospital Sto. Ant\u00f3nio. In the exit of the tunnel take the right, passing through the Pal\u00e1cio de Cristal up to Pra\u00e7a da Galiza. At the traffic lights turn left to Rua do Campo Alegre (the HF Ipanema Porto is 0,5 Km away.)<\/p>\n<p style=\"text-align: center;\"><strong>Travel<\/strong><\/p>\n<p><strong>Air<\/strong><\/p>\n<p class=\"ql-align-justify\" style=\"text-align: justify;\">The quickest and most efficient way to reach Porto\u00b4s city centre from the airport is by metro &#8211; line E-Violet (Aeroporto \u2013 Trindade).\u00a0This line operates daily from 06:00 &#8211; 01:00 and from here, getting to the city centre takes about 30 minutes. The Andante ticket (which has a price of 0.60\u20ac) needed for this journey can be purchased at any of the automatic ticket machines in the Metro station \u2013 occasional ticket (Z4). It costs 2\u20ac, is valid for 1 hour and 15 minutes and is also rechargeable. Don&#8217;t forget, one card per person.<\/p>\n<p class=\"ql-align-justify\" style=\"text-align: justify;\">To get to the city centre by bus, you can take either line 601, 602 or 3M (12:30am-5:30am). In this case, you can buy a single trip ticket on the bus, costing 2\u20ac.<\/p>\n<p class=\"ql-align-justify\" style=\"text-align: justify;\">There are four shuttle services available, to and from the Airport. Two of them to and from the agreed hotel, according to a previous booking, the other one to and from the city centre (25min). In all cases, you must make your booking with the respective service operators:<\/p>\n<ul style=\"text-align: justify;\">\n<li class=\"ql-align-justify\"><a href=\"https:\/\/100rumos.com\/en\/shuttle_porto_options\">Airportshuttle<\/a> (Hotel-to-Hotel) \u2013 \u00a0tel. +351 960426692<\/li>\n<li class=\"ql-align-justify\"><a href=\"https:\/\/www.goin.com.pt\/\">GOin<\/a> (Airport\/City Centre\/Airport) \u2013 tel. + 351 220189910<\/li>\n<li class=\"ql-align-justify\">Private Shuhttps:\/\/www.goin.com.pt\/ttle \u2013 EFUNGPSTOURS (Airport\/Hotel\/Airport) \u2013 by tel. +351 914173671 \/ +351 220945375. With Porto Card: 15% discount<\/li>\n<li class=\"ql-align-justify\"><a href=\"http:\/\/www.transdev.pt\/aeroportoporto\">Transdev<\/a> &#8211; (Airport\/City Centre\/Airport) &#8211; \u00a0tel. +351 253 262 371<\/li>\n<\/ul>\n<p class=\"ql-align-justify\" style=\"text-align: justify;\">Another option is to take a taxi which costs between 20\u20ac\/25\u20ac or rent a car at the airport.<\/p>\n<p>&nbsp;<\/p>\n<\/div>\n<\/div>\n<\/div>\n<div id=\"block_61616\" class=\"content-block\">\n<p><strong>Train<\/strong><\/p>\n<p>\u200bPorto is served by international trains, Alfa Pendular (high-speed train), intercity, inter-regional, regional and urban trains, connecting the city to several destinations inside and outside the country.<\/p>\n<p>The Campanh\u00e3 train station is the busiest in the city and the S. Bento railway station is the most central one.<\/p>\n<p>CP\u00b4s urban trains allow you to travel to nearby towns, such as Vila Nova de Gaia, Espinho, Guimar\u00e3es, Braga, Viana do Castelo and Aveiro. Train tickets must be purchased before your journey, from sales points or automatic ticket machines.<\/p>\n<p>For further information check the <a href=\"http:\/\/www.cp.pt\/cp\/displayPage.do?vgnextoid=4696d5abe2a74010VgnVCM1000007b01a8c0RCRD&amp;lang=en\">CP \u2013 Comboios de Portugal\u2019s<\/a> website.<\/p>\n<p>&nbsp;<\/p>\n<\/div>\n<\/div>\n<\/div>\n<\/div>\n","protected":false},"excerpt":{"rendered":"<p>How to get to the conference site: From the airport to the hotel \u2013 By metro: In the Metro do Aeroporto metro station, take the line E in towards the Est\u00e1dio do Drag\u00e3o metro station. Exit in Casa da M\u00fasica (HF Ipanema Porto is 1 Km away). \u2013 By bus: Near the airport, take the [&hellip;]<\/p>\n","protected":false},"author":1,"featured_media":0,"parent":0,"menu_order":0,"comment_status":"closed","ping_status":"closed","template":"","meta":[],"_links":{"self":[{"href":"https:\/\/www.esociety-conf.org\/oldconferences\/2024\/wp-json\/wp\/v2\/pages\/291"}],"collection":[{"href":"https:\/\/www.esociety-conf.org\/oldconferences\/2024\/wp-json\/wp\/v2\/pages"}],"about":[{"href":"https:\/\/www.esociety-conf.org\/oldconferences\/2024\/wp-json\/wp\/v2\/types\/page"}],"author":[{"embeddable":true,"href":"https:\/\/www.esociety-conf.org\/oldconferences\/2024\/wp-json\/wp\/v2\/users\/1"}],"replies":[{"embeddable":true,"href":"https:\/\/www.esociety-conf.org\/oldconferences\/2024\/wp-json\/wp\/v2\/comments?post=291"}],"version-history":[{"count":26,"href":"https:\/\/www.esociety-conf.org\/oldconferences\/2024\/wp-json\/wp\/v2\/pages\/291\/revisions"}],"predecessor-version":[{"id":2130,"href":"https:\/\/www.esociety-conf.org\/oldconferences\/2024\/wp-json\/wp\/v2\/pages\/291\/revisions\/2130"}],"wp:attachment":[{"href":"https:\/\/www.esociety-conf.org\/oldconferences\/2024\/wp-json\/wp\/v2\/media?parent=291"}],"curies":[{"name":"wp","href":"https:\/\/api.w.org\/{rel}","templated":true}]}}